
11
Suppose -2*o + o - 28 = -y, 3*o + 3*y = -78. Let g be ((-18)/o)/((-1)/(-24)). What is the greatest common divisor of g and 48?
16
Let w = 2475 - 2341. Calculate the highest common divisor of 4 and w.
2
Let l(w) = 5*w - 21. Let j be l(13). Suppose 0 = -n + 242 - j. Let i(p) = -3*p + 3. Let f be i(-5). What is the highest common divisor of n and f?
18
Suppose 5*b = 5*l + 60, 2*l - 6 - 18 = -b. Calculate the highest common divisor of 20 and b.
4
Suppose -2*g - 73 = -5*j, 0*j = 4*g - 2*j + 106. Let m = 48 + g. Let v = m - 5. What is the greatest common factor of 95 and v?
19
Let g be 1 + (-1)/4 - 3690/(-328). What is the highest common factor of 124 and g?
4
Suppose -7*c + 79 = 2*k - 8*c, 3*k + 4*c = 124. What is the greatest common factor of k and 420?
20
Let t = 434 + -350. Suppose 2*z + 4*i = -0*i + 62, 2*z + i = 47. Calculate the greatest common divisor of t and z.
21
Let t(a) = 8*a - 4. Let w be t(6). Suppose 4*f - v - 40 = 0, 6*v - 2*v = -f + 27. What is the greatest common factor of w and f?
11
Suppose -4*b = -107*w + 105*w + 178, -b = 4. What is the greatest common factor of w and 135?
27
Suppose f = -2*f + 5*n + 49, 3*f = 2*n + 52. Suppose -24*p = -491 + 59. Calculate the greatest common divisor of p and f.
18
Let r be (-12)/36 + (-1060)/(-3). Let d = r + -213. What is the highest common factor of 14 and d?
14
Suppose -2*l + 2 = -l. Suppose 18 = l*m + m. Let d be -2 + -2 + (-4 - -62). What is the highest common factor of m and d?
6
Suppose 4*k = 4*a - 20, -4*a + 4*k + 19 = k. Let t(u) = 3*u**2 - 2*u + 8. Let c be t(a). Let y = 20 - 14. Calculate the highest common divisor of c and y.
6
Let j = 8 - 5. Let w = -32 + 38. What is the greatest common factor of w and j?
3
Let t(q) = -4*q - 4. Let p be t(-4). Let x(z) = -104*z**3 + 3*z**2 - z - 1. Let u be x(1). Let c = -95 - u. Calculate the greatest common divisor of c and p.
4
Let r(k) = 8*k + 2. Let v be r(2). Suppose -v = -3*i + 6. What is the greatest common factor of 88 and i?
8
Let z(d) = -d**3 - 11*d**2 + 20*d + 15. Let f be z(-14). Calculate the greatest common factor of f and 57.
19
Suppose -4*y - 3*d = -570, 0 = y - d + 9 - 155. Calculate the highest common factor of y and 63.
9
Suppose -2*v = -0*v + 28. Let g = 14 + v. Suppose i - 5*m - 10 = g, -4*m + 21 = 2*i + 1. What is the greatest common factor of 80 and i?
10
Suppose d - 391 = -2*v, 0 = 10*v - 15*v + 2*d + 982. What is the highest common factor of 1078 and v?
98
Suppose 5*r - 34 - 81 = 0. Let t(m) = 6*m + 5 + 53*m**2 - 5*m - 8. Let y be t(-2). What is the highest common factor of r and y?
23
Suppose 2*d = a - 66 + 192, 0 = 3*d - 5*a - 175. What is the greatest common divisor of 455 and d?
65
Let g = 261 - 246. Calculate the greatest common divisor of 12 and g.
3
Suppose -35*k + 336 = -609. What is the highest common factor of k and 63?
9
Let b(u) = -17*u + 5. Let t be b(-3). Suppose -3*s + j + 112 = -s, s + j = t. What is the highest common factor of s and 8?
8
Suppose 73 + 92 = 15*m. Let r be -2 + 4 + -1 + 46. Let j = r + -14. What is the highest common factor of j and m?
11
Suppose -t = 134*t - 62100. Calculate the highest common factor of t and 161.
23
Let u(p) be the first derivative of -5*p - 10 - p**2 + 1/3*p**3. Let x be u(7). Calculate the greatest common divisor of 75 and x.
15
Suppose 0 = -24*v + 2849 + 1039. What is the greatest common divisor of v and 405?
81
Let f(v) = -42*v - 84. Let z be f(-7). What is the greatest common divisor of z and 15?
15
Suppose 4*m - 820 = -5*y + 1920, 5*m + 1607 = 3*y. Calculate the highest common divisor of y and 34.
34
Suppose -15 = 3*v, 0 = 3*k + v - 41 - 8. Calculate the greatest common factor of k and 342.
18
Let p(a) = 14*a + 20. Let q be p(5). What is the greatest common divisor of q and 9?
9
Let g be (98/(-14) - -7) + 3*2. Calculate the highest common divisor of g and 222.
6
Suppose -2*u + 5*s = -91, -2*u - 4*s + 224 = 2*u. Suppose -u = -5*d - 2*t, d - 13 = -0*d - t. What is the greatest common factor of 9 and d?
9
Suppose -10 + 25 = 3*p. Suppose -p*y + 76 = 2*a, 3*y - a + 17 - 56 = 0. What is the highest common factor of 14 and y?
14
Suppose -2*i + 2*t - t = -630, 0 = -2*t. Calculate the greatest common divisor of i and 45.
45
Suppose -4 = d + 3*d. Let i = d + -1. Let h be (15/(-6))/(i/44). What is the highest common factor of h and 5?
5
Suppose -w = -4*j - 101, 152 = 2*w - 11*j + 13*j. Calculate the highest common factor of 216 and w.
27
Suppose 3*m - 78 + 81 = 0. Let n be ((-4)/(-16))/(m/(-20)). What is the highest common divisor of n and 35?
5
Suppose 2*c = -w + 5*c + 178, -2*w + c + 351 = 0. Suppose 0 = 5*p - 46 - 79. What is the greatest common factor of w and p?
25
Let r be 2148/54 - -4 - (-2)/9. Calculate the greatest common factor of 836 and r.
44
Suppose -3 = 3*g - 3*k, 3*g - 4*k = 2*g - 10. Suppose -5*t - 24 = -g*c, 3*t = 5*c + 4*t - 87. What is the greatest common factor of 187 and c?
17
Suppose -32126 = -27*o + 36994. What is the greatest common factor of o and 20?
20
Let m(a) = -8*a**3. Let r be m(-1). Suppose 154 = r*n + 3*n. Suppose 0 = q + q - 14. What is the highest common divisor of n and q?
7
Suppose t - 151 = 2*c, 0 = -3*t + 2*c - 332 + 765. Calculate the greatest common factor of 21 and t.
3
Let g(p) = -p**2 - 12*p + 27. Let u be g(-12). Suppose 29*l - u*l - 30 = 0. Calculate the greatest common factor of 10 and l.
5
Let l = -81 - -110. Suppose 2*j - 4*s - 716 = -j, 5*j - 5*s = 1185. What is the greatest common divisor of l and j?
29
Suppose 3*n = a - 291 - 270, 5*a - 2905 = -5*n. Calculate the greatest common divisor of a and 9.
9
Suppose 1570 = 5*h + 355. Suppose 4*z + h = 3*k, 5*k + 3*z = 7*z + 413. Let t = k + -40. Calculate the highest common divisor of 30 and t.
15
Suppose 5*t + 3*a = 425, t + 0*t - 85 = a. Suppose 7*f - 4*f = 15. Suppose 68 = -n + f*n. What is the greatest common divisor of n and t?
17
Suppose 4*z + 135 - 1419 = 2*a, -5*z + 4*a = -1602. Calculate the highest common factor of 138 and z.
46
Let a be (-12)/(2/8 + (-29 - -28)). Calculate the greatest common factor of 20 and a.
4
Let x(g) = -4*g - 12. Let f be x(-8). Let m = f + -8. Let o = 10 - -98. What is the highest common divisor of o and m?
12
Let b be 69 - 0/(15/(-5)). Suppose b = 6*v - 75. What is the greatest common factor of 216 and v?
24
Suppose 55*h = 51*h + 80. Calculate the greatest common divisor of 640 and h.
20
Let h = 64 + -50. Let x be ((-504)/45)/(1/(-5)). Calculate the greatest common divisor of x and h.
14
Suppose -3*u - 81 = -78, 3*u + 387 = n. Calculate the highest common divisor of 168 and n.
24
Suppose m + 3*d - 5 = -m, -21 = 3*m - 5*d. Let i = m + 4. Suppose 0 = -3*f - i + 5. What is the highest common factor of 2 and f?
1
Suppose 479 - 29 = 45*f. Suppose 4*m = 3*m + 110. What is the greatest common factor of f and m?
10
Suppose -p = -6*p + 360. Let k be 44*1 + (5 - 5). Suppose 5*q = -2*u + k, -2 = -5*u + 4*u. Calculate the greatest common factor of p and q.
8
Suppose -8 = -4*d + 6*d, 5*d + 510 = 2*u. What is the highest common factor of 5 and u?
5
Let p be (2/4 - -1)/((-51)/(-850)). Suppose 0 = p*m - 22*m - 243. What is the highest common factor of m and 9?
9
Suppose -10*z = -1220 + 140. What is the highest common divisor of 756 and z?
108
Let i(s) = 149*s + 919. Let c be i(-6). What is the greatest common divisor of c and 800?
25
Let o = -1038 + 1046. Calculate the highest common divisor of o and 8.
8
Let j = 479 + -411. What is the highest common factor of j and 119?
17
Let z = -83 - -85. Suppose 5*i - 4*b - 128 = 0, z*i + 0*b - 62 = -2*b. Let o be (3 - 1) + (0 - -2). What is the highest common divisor of o and i?
4
Suppose -5*m + 3330 = 5*q, m = 2*q + 712 - 55. Calculate the highest common factor of m and 17.
17
Let l(k) = k + 33. Let b be l(-19). Suppose -b*v + 25 = -9*v. Let i be (-73)/(-3) - 2/(-3). Calculate the greatest common factor of i and v.
5
Let g(i) = 2*i - 10. Let t be g(5). Suppose t*j + 168 = -2*j. Let s be (-82)/(-7) - 24/j. What is the greatest common divisor of 12 and s?
12
Suppose -15 = -2*g - 9. Suppose -4*m = -4*u + 8, g*u = -4*m + 9 + 11. What is the greatest common divisor of u and 76?
4
Let f be ((-40)/(-35) - 1/7) + 224. What is the highest common divisor of f and 25?
25
Let g(k) = k**2 + 9*k - 10. Let o be g(-10). Suppose 